{"id":1358,"date":"2024-06-20T11:18:46","date_gmt":"2024-06-20T09:18:46","guid":{"rendered":"https:\/\/toptalentia.com\/?post_type=empleo&#038;p=1358"},"modified":"2024-10-03T12:15:36","modified_gmt":"2024-10-03T10:15:36","slug":"visual-merchandiser-marbella","status":"publish","type":"empleo","link":"https:\/\/toptalentia.com\/en\/empleo\/visual-merchandiser-marbella\/","title":{"rendered":"Visual Merchandiser (Moda Premium)"},"content":{"rendered":"<p>\u00bfTe encantan el mundo de la moda y los retos? \u00bfTe gustar\u00eda crecer r\u00e1pidamente dentro de una empresa relevante y en expansi\u00f3n? \u00a1Este es el reto que estabas buscando!<\/p>\n<p>Para relevante multinacional del sector moda premium buscamos Visual merchandiser en M\u00e1laga y en Marbella con movilidad geogr\u00e1fica para poder crecer dentro de la empresa y nivel alto de ingl\u00e9s.<\/p>\n<p>Si eres amante de la moda en especial dentro del sector moda y buscas una firma en expansi\u00f3n en la que poder desarrollarte, no dudes en aplicar a esta oferta. Podr\u00e1s trabajar en una de las firmas m\u00e1s relevantes en el sector a nivel internacional.<\/p>\n<p>&nbsp;<\/p>\n","protected":false},"excerpt":{"rendered":"<p>Buscamos Visual Merchandiser en M\u00e1laga y en Marbella para multinacional del sector moda premium con disponibilidad geogr\u00e1fica para poder crecer a nivel profesional<\/p>\n","protected":false},"author":4,"featured_media":31,"menu_order":0,"comment_status":"open","ping_status":"open","template":"","format":"standard","meta":{"_acf_changed":false,"footnotes":""},"categories":[8,24,7],"tags":[],"class_list":["post-1358","empleo","type-empleo","status-publish","format-standard","has-post-thumbnail","hentry","category-comercial","category-marketing","category-ventas"],"acf":[],"yoast_head":"<!-- This site is optimized with the Yoast SEO plugin v27.5 - https:\/\/yoast.com\/product\/yoast-seo-wordpress\/ -->\n<title>Visual Merchandiser (Moda Premium) - Top Talentia<\/title>\n<meta name=\"robots\" content=\"index, follow, max-snippet:-1, max-image-preview:large, max-video-preview:-1\" \/>\n<link rel=\"canonical\" href=\"https:\/\/toptalentia.com\/en\/empleo\/visual-merchandiser-marbella\/\" \/>\n<meta property=\"og:locale\" content=\"en_US\" \/>\n<meta property=\"og:type\" content=\"article\" \/>\n<meta property=\"og:title\" content=\"Visual Merchandiser (Moda Premium) - Top Talentia\" \/>\n<meta property=\"og:description\" content=\"Buscamos Visual Merchandiser en M\u00e1laga y en Marbella para multinacional del sector moda premium con disponibilidad geogr\u00e1fica para poder crecer a nivel profesional\" \/>\n<meta property=\"og:url\" content=\"https:\/\/toptalentia.com\/en\/empleo\/visual-merchandiser-marbella\/\" \/>\n<meta property=\"og:site_name\" content=\"Top Talentia\" \/>\n<meta property=\"article:modified_time\" content=\"2024-10-03T10:15:36+00:00\" \/>\n<meta property=\"og:image\" content=\"https:\/\/toptalentia.com\/wp-content\/uploads\/2023\/07\/favicon.png\" \/>\n\t<meta property=\"og:image:width\" content=\"71\" \/>\n\t<meta property=\"og:image:height\" content=\"71\" \/>\n\t<meta property=\"og:image:type\" content=\"image\/png\" \/>\n<meta name=\"twitter:card\" content=\"summary_large_image\" \/>\n<meta name=\"twitter:label1\" content=\"Est. reading time\" \/>\n\t<meta name=\"twitter:data1\" content=\"1 minute\" \/>\n<script type=\"application\/ld+json\" class=\"yoast-schema-graph\">{\"@context\":\"https:\\\/\\\/schema.org\",\"@graph\":[{\"@type\":\"WebPage\",\"@id\":\"https:\\\/\\\/toptalentia.com\\\/en\\\/empleo\\\/visual-merchandiser-marbella\\\/\",\"url\":\"https:\\\/\\\/toptalentia.com\\\/en\\\/empleo\\\/visual-merchandiser-marbella\\\/\",\"name\":\"Visual Merchandiser (Moda Premium) - Top Talentia\",\"isPartOf\":{\"@id\":\"https:\\\/\\\/toptalentia.com\\\/en\\\/#website\"},\"primaryImageOfPage\":{\"@id\":\"https:\\\/\\\/toptalentia.com\\\/en\\\/empleo\\\/visual-merchandiser-marbella\\\/#primaryimage\"},\"image\":{\"@id\":\"https:\\\/\\\/toptalentia.com\\\/en\\\/empleo\\\/visual-merchandiser-marbella\\\/#primaryimage\"},\"thumbnailUrl\":\"https:\\\/\\\/toptalentia.com\\\/wp-content\\\/uploads\\\/2023\\\/07\\\/favicon.png\",\"datePublished\":\"2024-06-20T09:18:46+00:00\",\"dateModified\":\"2024-10-03T10:15:36+00:00\",\"breadcrumb\":{\"@id\":\"https:\\\/\\\/toptalentia.com\\\/en\\\/empleo\\\/visual-merchandiser-marbella\\\/#breadcrumb\"},\"inLanguage\":\"en-US\",\"potentialAction\":[{\"@type\":\"ReadAction\",\"target\":[\"https:\\\/\\\/toptalentia.com\\\/en\\\/empleo\\\/visual-merchandiser-marbella\\\/\"]}]},{\"@type\":\"ImageObject\",\"inLanguage\":\"en-US\",\"@id\":\"https:\\\/\\\/toptalentia.com\\\/en\\\/empleo\\\/visual-merchandiser-marbella\\\/#primaryimage\",\"url\":\"https:\\\/\\\/toptalentia.com\\\/wp-content\\\/uploads\\\/2023\\\/07\\\/favicon.png\",\"contentUrl\":\"https:\\\/\\\/toptalentia.com\\\/wp-content\\\/uploads\\\/2023\\\/07\\\/favicon.png\",\"width\":71,\"height\":71},{\"@type\":\"BreadcrumbList\",\"@id\":\"https:\\\/\\\/toptalentia.com\\\/en\\\/empleo\\\/visual-merchandiser-marbella\\\/#breadcrumb\",\"itemListElement\":[{\"@type\":\"ListItem\",\"position\":1,\"name\":\"Portada\",\"item\":\"https:\\\/\\\/toptalentia.com\\\/en\\\/\"},{\"@type\":\"ListItem\",\"position\":2,\"name\":\"Empleos\",\"item\":\"https:\\\/\\\/toptalentia.com\\\/en\\\/empleo\\\/\"},{\"@type\":\"ListItem\",\"position\":3,\"name\":\"Visual Merchandiser (Moda Premium)\"}]},{\"@type\":\"WebSite\",\"@id\":\"https:\\\/\\\/toptalentia.com\\\/en\\\/#website\",\"url\":\"https:\\\/\\\/toptalentia.com\\\/en\\\/\",\"name\":\"Top Talentia\",\"description\":\"\",\"publisher\":{\"@id\":\"https:\\\/\\\/toptalentia.com\\\/en\\\/#organization\"},\"potentialAction\":[{\"@type\":\"SearchAction\",\"target\":{\"@type\":\"EntryPoint\",\"urlTemplate\":\"https:\\\/\\\/toptalentia.com\\\/en\\\/?s={search_term_string}\"},\"query-input\":{\"@type\":\"PropertyValueSpecification\",\"valueRequired\":true,\"valueName\":\"search_term_string\"}}],\"inLanguage\":\"en-US\"},{\"@type\":\"Organization\",\"@id\":\"https:\\\/\\\/toptalentia.com\\\/en\\\/#organization\",\"name\":\"Top Talentia\",\"url\":\"https:\\\/\\\/toptalentia.com\\\/en\\\/\",\"logo\":{\"@type\":\"ImageObject\",\"inLanguage\":\"en-US\",\"@id\":\"https:\\\/\\\/toptalentia.com\\\/en\\\/#\\\/schema\\\/logo\\\/image\\\/\",\"url\":\"https:\\\/\\\/toptalentia.com\\\/wp-content\\\/uploads\\\/2023\\\/07\\\/toptalentia_white.png\",\"contentUrl\":\"https:\\\/\\\/toptalentia.com\\\/wp-content\\\/uploads\\\/2023\\\/07\\\/toptalentia_white.png\",\"width\":556,\"height\":120,\"caption\":\"Top Talentia\"},\"image\":{\"@id\":\"https:\\\/\\\/toptalentia.com\\\/en\\\/#\\\/schema\\\/logo\\\/image\\\/\"}}]}<\/script>\n<!-- \/ Yoast SEO plugin. -->","yoast_head_json":{"title":"Visual Merchandiser (Moda Premium) - Top Talentia","robots":{"index":"index","follow":"follow","max-snippet":"max-snippet:-1","max-image-preview":"max-image-preview:large","max-video-preview":"max-video-preview:-1"},"canonical":"https:\/\/toptalentia.com\/en\/empleo\/visual-merchandiser-marbella\/","og_locale":"en_US","og_type":"article","og_title":"Visual Merchandiser (Moda Premium) - Top Talentia","og_description":"Buscamos Visual Merchandiser en M\u00e1laga y en Marbella para multinacional del sector moda premium con disponibilidad geogr\u00e1fica para poder crecer a nivel profesional","og_url":"https:\/\/toptalentia.com\/en\/empleo\/visual-merchandiser-marbella\/","og_site_name":"Top Talentia","article_modified_time":"2024-10-03T10:15:36+00:00","og_image":[{"width":71,"height":71,"url":"https:\/\/toptalentia.com\/wp-content\/uploads\/2023\/07\/favicon.png","type":"image\/png"}],"twitter_card":"summary_large_image","twitter_misc":{"Est. reading time":"1 minute"},"schema":{"@context":"https:\/\/schema.org","@graph":[{"@type":"WebPage","@id":"https:\/\/toptalentia.com\/en\/empleo\/visual-merchandiser-marbella\/","url":"https:\/\/toptalentia.com\/en\/empleo\/visual-merchandiser-marbella\/","name":"Visual Merchandiser (Moda Premium) - Top Talentia","isPartOf":{"@id":"https:\/\/toptalentia.com\/en\/#website"},"primaryImageOfPage":{"@id":"https:\/\/toptalentia.com\/en\/empleo\/visual-merchandiser-marbella\/#primaryimage"},"image":{"@id":"https:\/\/toptalentia.com\/en\/empleo\/visual-merchandiser-marbella\/#primaryimage"},"thumbnailUrl":"https:\/\/toptalentia.com\/wp-content\/uploads\/2023\/07\/favicon.png","datePublished":"2024-06-20T09:18:46+00:00","dateModified":"2024-10-03T10:15:36+00:00","breadcrumb":{"@id":"https:\/\/toptalentia.com\/en\/empleo\/visual-merchandiser-marbella\/#breadcrumb"},"inLanguage":"en-US","potentialAction":[{"@type":"ReadAction","target":["https:\/\/toptalentia.com\/en\/empleo\/visual-merchandiser-marbella\/"]}]},{"@type":"ImageObject","inLanguage":"en-US","@id":"https:\/\/toptalentia.com\/en\/empleo\/visual-merchandiser-marbella\/#primaryimage","url":"https:\/\/toptalentia.com\/wp-content\/uploads\/2023\/07\/favicon.png","contentUrl":"https:\/\/toptalentia.com\/wp-content\/uploads\/2023\/07\/favicon.png","width":71,"height":71},{"@type":"BreadcrumbList","@id":"https:\/\/toptalentia.com\/en\/empleo\/visual-merchandiser-marbella\/#breadcrumb","itemListElement":[{"@type":"ListItem","position":1,"name":"Portada","item":"https:\/\/toptalentia.com\/en\/"},{"@type":"ListItem","position":2,"name":"Empleos","item":"https:\/\/toptalentia.com\/en\/empleo\/"},{"@type":"ListItem","position":3,"name":"Visual Merchandiser (Moda Premium)"}]},{"@type":"WebSite","@id":"https:\/\/toptalentia.com\/en\/#website","url":"https:\/\/toptalentia.com\/en\/","name":"Top Talentia","description":"","publisher":{"@id":"https:\/\/toptalentia.com\/en\/#organization"},"potentialAction":[{"@type":"SearchAction","target":{"@type":"EntryPoint","urlTemplate":"https:\/\/toptalentia.com\/en\/?s={search_term_string}"},"query-input":{"@type":"PropertyValueSpecification","valueRequired":true,"valueName":"search_term_string"}}],"inLanguage":"en-US"},{"@type":"Organization","@id":"https:\/\/toptalentia.com\/en\/#organization","name":"Top Talentia","url":"https:\/\/toptalentia.com\/en\/","logo":{"@type":"ImageObject","inLanguage":"en-US","@id":"https:\/\/toptalentia.com\/en\/#\/schema\/logo\/image\/","url":"https:\/\/toptalentia.com\/wp-content\/uploads\/2023\/07\/toptalentia_white.png","contentUrl":"https:\/\/toptalentia.com\/wp-content\/uploads\/2023\/07\/toptalentia_white.png","width":556,"height":120,"caption":"Top Talentia"},"image":{"@id":"https:\/\/toptalentia.com\/en\/#\/schema\/logo\/image\/"}}]}},"_links":{"self":[{"href":"https:\/\/toptalentia.com\/en\/wp-json\/wp\/v2\/empleo\/1358","targetHints":{"allow":["GET"]}}],"collection":[{"href":"https:\/\/toptalentia.com\/en\/wp-json\/wp\/v2\/empleo"}],"about":[{"href":"https:\/\/toptalentia.com\/en\/wp-json\/wp\/v2\/types\/empleo"}],"author":[{"embeddable":true,"href":"https:\/\/toptalentia.com\/en\/wp-json\/wp\/v2\/users\/4"}],"replies":[{"embeddable":true,"href":"https:\/\/toptalentia.com\/en\/wp-json\/wp\/v2\/comments?post=1358"}],"version-history":[{"count":5,"href":"https:\/\/toptalentia.com\/en\/wp-json\/wp\/v2\/empleo\/1358\/revisions"}],"predecessor-version":[{"id":1470,"href":"https:\/\/toptalentia.com\/en\/wp-json\/wp\/v2\/empleo\/1358\/revisions\/1470"}],"wp:featuredmedia":[{"embeddable":true,"href":"https:\/\/toptalentia.com\/en\/wp-json\/wp\/v2\/media\/31"}],"wp:attachment":[{"href":"https:\/\/toptalentia.com\/en\/wp-json\/wp\/v2\/media?parent=1358"}],"wp:term":[{"taxonomy":"category","embeddable":true,"href":"https:\/\/toptalentia.com\/en\/wp-json\/wp\/v2\/categories?post=1358"},{"taxonomy":"post_tag","embeddable":true,"href":"https:\/\/toptalentia.com\/en\/wp-json\/wp\/v2\/tags?post=1358"}],"curies":[{"name":"wp","href":"https:\/\/api.w.org\/{rel}","templated":true}]}}

<p>¿Te encantan el mundo de la moda y los retos? ¿Te gustaría crecer rápidamente dentro de una empresa relevante y en expansión? ¡Este es el reto que estabas buscando!</p>
<p>Para relevante multinacional del sector moda premium buscamos Visual merchandiser en Málaga y en Marbella con movilidad geográfica para poder crecer dentro de la empresa y nivel alto de inglés.</p>
<p>Si eres amante de la moda en especial dentro del sector moda y buscas una firma en expansión en la que poder desarrollarte, no dudes en aplicar a esta oferta. Podrás trabajar en una de las firmas más relevantes en el sector a nivel internacional.</p>
<p>&nbsp;</p>

<p>Buscamos Visual Merchandiser en Málaga y en Marbella para multinacional del sector moda premium con disponibilidad geográfica para poder crecer a nivel profesional</p>

<!-- This site is optimized with the Yoast SEO plugin v27.5 - https://yoast.com/product/yoast-seo-wordpress/ -->
<title>Visual Merchandiser (Moda Premium) - Top Talentia</title>
<meta name="robots" content="index, follow, max-snippet:-1, max-image-preview:large, max-video-preview:-1" />
<link rel="canonical" href="https://toptalentia.com/en/empleo/visual-merchandiser-marbella/" />
<meta property="og:locale" content="en_US" />
<meta property="og:type" content="article" />
<meta property="og:title" content="Visual Merchandiser (Moda Premium) - Top Talentia" />
<meta property="og:description" content="Buscamos Visual Merchandiser en Málaga y en Marbella para multinacional del sector moda premium con disponibilidad geográfica para poder crecer a nivel profesional" />
<meta property="og:url" content="https://toptalentia.com/en/empleo/visual-merchandiser-marbella/" />
<meta property="og:site_name" content="Top Talentia" />
<meta property="article:modified_time" content="2024-10-03T10:15:36+00:00" />
<meta property="og:image" content="https://toptalentia.com/wp-content/uploads/2023/07/favicon.png" />
	<meta property="og:image:width" content="71" />
	<meta property="og:image:height" content="71" />
	<meta property="og:image:type" content="image/png" />
<meta name="twitter:card" content="summary_large_image" />
<meta name="twitter:label1" content="Est. reading time" />
	<meta name="twitter:data1" content="1 minute" />
<script type="application/ld+json" class="yoast-schema-graph">{"@context":"https:\/\/schema.org","@graph":[{"@type":"WebPage","@id":"https:\/\/toptalentia.com\/en\/empleo\/visual-merchandiser-marbella\/","url":"https:\/\/toptalentia.com\/en\/empleo\/visual-merchandiser-marbella\/","name":"Visual Merchandiser (Moda Premium) - Top Talentia","isPartOf":{"@id":"https:\/\/toptalentia.com\/en\/#website"},"primaryImageOfPage":{"@id":"https:\/\/toptalentia.com\/en\/empleo\/visual-merchandiser-marbella\/#primaryimage"},"image":{"@id":"https:\/\/toptalentia.com\/en\/empleo\/visual-merchandiser-marbella\/#primaryimage"},"thumbnailUrl":"https:\/\/toptalentia.com\/wp-content\/uploads\/2023\/07\/favicon.png","datePublished":"2024-06-20T09:18:46+00:00","dateModified":"2024-10-03T10:15:36+00:00","breadcrumb":{"@id":"https:\/\/toptalentia.com\/en\/empleo\/visual-merchandiser-marbella\/#breadcrumb"},"inLanguage":"en-US","potentialAction":[{"@type":"ReadAction","target":["https:\/\/toptalentia.com\/en\/empleo\/visual-merchandiser-marbella\/"]}]},{"@type":"ImageObject","inLanguage":"en-US","@id":"https:\/\/toptalentia.com\/en\/empleo\/visual-merchandiser-marbella\/#primaryimage","url":"https:\/\/toptalentia.com\/wp-content\/uploads\/2023\/07\/favicon.png","contentUrl":"https:\/\/toptalentia.com\/wp-content\/uploads\/2023\/07\/favicon.png","width":71,"height":71},{"@type":"BreadcrumbList","@id":"https:\/\/toptalentia.com\/en\/empleo\/visual-merchandiser-marbella\/#breadcrumb","itemListElement":[{"@type":"ListItem","position":1,"name":"Portada","item":"https:\/\/toptalentia.com\/en\/"},{"@type":"ListItem","position":2,"name":"Empleos","item":"https:\/\/toptalentia.com\/en\/empleo\/"},{"@type":"ListItem","position":3,"name":"Visual Merchandiser (Moda Premium)"}]},{"@type":"WebSite","@id":"https:\/\/toptalentia.com\/en\/#website","url":"https:\/\/toptalentia.com\/en\/","name":"Top Talentia","description":"","publisher":{"@id":"https:\/\/toptalentia.com\/en\/#organization"},"potentialAction":[{"@type":"SearchAction","target":{"@type":"EntryPoint","urlTemplate":"https:\/\/toptalentia.com\/en\/?s={search_term_string}"},"query-input":{"@type":"PropertyValueSpecification","valueRequired":true,"valueName":"search_term_string"}}],"inLanguage":"en-US"},{"@type":"Organization","@id":"https:\/\/toptalentia.com\/en\/#organization","name":"Top Talentia","url":"https:\/\/toptalentia.com\/en\/","logo":{"@type":"ImageObject","inLanguage":"en-US","@id":"https:\/\/toptalentia.com\/en\/#\/schema\/logo\/image\/","url":"https:\/\/toptalentia.com\/wp-content\/uploads\/2023\/07\/toptalentia_white.png","contentUrl":"https:\/\/toptalentia.com\/wp-content\/uploads\/2023\/07\/toptalentia_white.png","width":556,"height":120,"caption":"Top Talentia"},"image":{"@id":"https:\/\/toptalentia.com\/en\/#\/schema\/logo\/image\/"}}]}</script>
<!-- / Yoast SEO plugin. -->

Buscamos Visual Merchandiser en Málaga y en Marbella para multinacional del sector moda premium con disponibilidad geográfica para poder crecer a nivel profesional
